se 3*s + 27 = 3*l, -5*s - 10 - c = l. Is a(s) composite?
True
Let v be 6/(((-6)/(-147))/1). Suppose 3*o + v = 2382. Is o a composite number?
True
Is (2 + 2 + 27/3)*941 prime?
False
Let y = 7 - 14. Let s(g) = g + 10. Let x be s(y). Suppose -2*p = x*p - 955. Is p prime?
True
Let n(r) = 34799*r**3 + 3*r**2 - 1. Is n(1) a composite number?
True
Let i(h) = -h**3 - 5*h**2 - 9. Let x be i(-4). Let v = x + 107. Is v a composite number?
True
Let v(k) = 1748*k + 6. Let a be v(1). Let f = -987 + a. Is f a composite number?
True
Suppose 7*y + 1512 = 3*t + 10*y, y = 3. Is t composite?
True
Let s(d) = 277. Let f(h) = h - 1. Let g(t) = 277*f(t) + s(t). Let a be g(1). Let x = a + -68. Is x a composite number?
True
Let s(l) = -19*l - 14. Let p be s(-8). Let m = -66 + p. Suppose -m - 105 = -f. Is f prime?
False
Suppose 26289 = 5*k + 4*m, 4*m - m = -2*k + 10510. Is k composite?
False
Let g(j) = -j**2 - j + 1. Let f be g(3). Let p = -6 - f. Suppose -591 = -5*h - a + p*a, -2*h + 235 = -3*a. Is h a composite number?
True
Suppose -10*p = -43436 - 15704. Is p composite?
True
Let n(o) be the first derivative of 0*o**2 - 5 + 4*o + 10*o - 11*o + 4*o**2. Is n(8) a prime number?
True
Let c = -32240 - -48513. Is c prime?
True
Let c be 1/(1 + (3 - 3)). Let u be ((-3)/2)/(c/2). Is u - (-95)/(-2)*-4 prime?
False
Suppose 5*h - 36 - 62 = -4*c, 46 = 2*h + 5*c. Let y = h - 13. Let v(f) = -f**3 + 6*f**2 + 6*f + 2. Is v(y) prime?
False
Suppose 16 = 4*j - 0. Suppose -4*c = -4*v + 64, -j*c + 3*c + 44 = 4*v. Suppose 215 = -v*a + 17*a. Is a prime?
True
Let k(a) = -151*a + 9. Let v be k(9). Let r = v - -1906. Suppose -2*p + 2158 = 4*g, -4*g - 5*p = -5*g + r. Is g a prime number?
True
Suppose -4*j = 2*d - 146, 19*j - 71 = 17*j - 3*d. Suppose 0 = m + m + 3*n - 44, 0 = -3*m - 2*n + 56. Let k = m + j. Is k a composite number?
False
Suppose -y + 4478 = -0*y. Suppose -5*w + 3317 + y = 0. Is w a composite number?
False
Let j = 38104 - 26303. Is j a prime number?
True
Suppose -12*o + 588268 + 98096 = 0. Is o composite?
True
Let m(b) = -1 - 4 - b - 4 + 9*b**2 + 10. Is m(-4) composite?
False
Let q(j) = -j**3 + 9*j**2 - 5*j - 4. Let s be q(7). Let f = 142 - s. Is f prime?
True
Suppose 4*s + 49 = 3*s. Let o be 2948/14 - 21/s. Let t = 356 - o. Is t a composite number?
True
Is 2640/30 + (-18)/(-2) a composite number?
False
Let z(v) = -52*v**3 + v**2 - 17*v - 65. Is z(-7) a prime number?
True
Is 3/(-33) - 1047528/(-99) prime?
False
Let z be 21/6 - (-3)/(-2). Suppose -q = 0, -z*q + 3*q + 94 = -c. Is (c/(-6))/(6/18) a prime number?
True
Let w(h) = 1. Let j(d) = 42*d + 5. Let i(y) = -j(y) + 4*w(y). Is i(-7) composite?
False
Let n = 803 - -1142. Is n a prime number?
False
Let n(s) = 96*s - 20. Let a be n(10). Let x = 649 + a. Is x a composite number?
True
Let d be (-30)/(-4)*10/15. Suppose q = 4*p - 19, -d*q + 0*q - 119 = 4*p. Let y = q - -54. Is y composite?
False
Suppose -16 = 4*r + 4*c, 0*r + 3*c = 4*r + 9. Is (-5)/(r/138*2) a prime number?
False
Suppose 0 = x + x - 6. Suppose 0 = -f - x*f + 8. Suppose -h = f*h + 12, h = 4*d - 1872. Is d prime?
True
Let j(x) = 3*x - 3. Let h be j(6). Let c = h + -11. Suppose -t = -2*w - 11 - 292, -4*t + c*w = -1204. Is t composite?
True
Suppose -i - 5*r = -4725, 0 = i - 6*r + 4*r - 4718. Let y = i + -3359. Is y a composite number?
False
Let y(s) = -140*s + 3. Let x be y(-17). Suppose 432 = 5*j - x. Is j prime?
True
Let l = 478 - -986. Suppose 5*p = -3*p + l. Is p a prime number?
False
Suppose -4*x = 2*u + 4, 3*u - 5*u + 21 = -x. Suppose u*j + 2 = 9*j. Let k(g) = 41*g**3 + 2*g**2 + g + 1. Is k(j) a composite number?
True
Let g(i) = 17*i**2 + i**3 - 24*i**2 + 22 + 23*i**2 - 12*i. Is g(-15) prime?
False
Let z(j) = 876*j**3 - 2*j**2 - 3*j - 2. Let m be z(-1). Let d = -458 - m. Is d prime?
True
Let n(c) = -2 + 83*c**2 - 2*c + 0*c - 18*c**2. Suppose 4*d - 5*a + 6 - 17 = 0, -d - 13 = 4*a. Is n(d) composite?
True
Is 26/(-117) - -1*(-62889)/(-27) a prime number?
False
Let m(r) = r**2 + 3*r - 6. Let w be m(-5). Let h be ((-13)/w)/(7/(-196)). Let s = h - 58. Is s prime?
False
Suppose -l + 252 = -2*n - 346, -5*n = 5*l - 2945. Suppose 3*b - 1478 = 4*q - 9*q, 0 = -2*q - b + l. Is q a prime number?
False
Let p = -17543 + 28954. Is p a prime number?
True
Suppose 5*u - x = -0*u + 27, 2*u - 20 = 5*x. Suppose u*a - 20 = -5. Suppose 5*o - 66 = a*o. Is o composite?
True
Let k(o) be the second derivative of -55*o**3/2 + 7*o**2/2 + 31*o. Is k(-11) prime?
False
Is (((-458)/12)/1)/(3/(-7542)) a composite number?
True
Suppose -35*h + 21456 = -26249. Is h composite?
True
Suppose 5*v - 6512 = -0*v + 3*f, -4*v + 5207 = -5*f. Suppose 5*i + 5*m - v + 28 = 0, -5*m - 231 = -i. Is i a composite number?
False
Let u(v) = -v**3 + 4*v + 1. Let f be u(-2). Is ((-3)/(-4) + (-1 - f))*-148 a prime number?
False
Suppose -3*c + 180 = 2*c. Let d(a) = a**3 - 8*a**2 - 11*a + 1. Let j be d(10). Suppose j = o - c. Is o a prime number?
True
Let s(i) = -i**2 + 1. Let r(q) = q**2 + 13*q + 2. Let n(l) = r(l) + 2*s(l). Let a be n(13). Suppose 3*c + a*z - 2345 = 0, -3*c = c - z - 3152. Is c composite?
False
Suppose -5*k - 27 = -322. Is k a composite number?
False
Let y(z) = 5*z**2 - 17*z - 34. Is y(21) a composite number?
True
Is ((-237708)/4)/(-9) + 6 a prime number?
False
Let i be 185/35 + (-4)/14. Suppose -i*c - 556 = -3*c. Is c/(-1 - (-1 - -2)) prime?
True
Let i = 2 - 0. Is (0 - (-2)/i)*127 a composite number?
False
Let y be ((-32)/(-12) - 0)*411. Suppose y = m - 957. Is m prime?
True
Let k(n) = n - 8. Let c be k(8). Suppose -4*v - 292 + 84 = c. Let o = 141 + v. Is o prime?
True
Let a = 36 - 51. Let g be (-10)/a*(3 + 0). Suppose -g*n + 551 + 335 = 0. Is n a composite number?
False
Let n = 55 + 32. Is n prime?
False
Let d = -403 + -878. Let w = -909 - d. Let b = w - 170. Is b a prime number?
False
Let a = 17 + -14. Suppose -5*o = -a*t - 20, 0*o = -o - t + 4. Suppose -2*i = -o*i + 14. Is i a prime number?
True
Let h be (-6)/(-9)*75/(-10). Is (h/(-15))/((-2)/(-1794)) a prime number?
False
Let j(y) = 5*y**2 - y. Let t be j(-2). Suppose -z - t - 101 = 0. Let m = -34 - z. Is m a prime number?
True
Let y = -5214 - -8540. Is y prime?
False
Let r(v) = 8*v**3 - 3*v**2 - 3*v - 3. Suppose -5*t + 33 = 2*q, -4*q = t - 13 - 8. Suppose q*c - 2*c = 6. Is r(c) a prime number?
False
Let f = -2536 + 22922. Is f a prime number?
False
Suppose -2*r - 5 = -3*r - 3*p, -p + 31 = 3*r. Let h = r + -9. Suppose -3*y - 28 - 210 = -h*v, 4*y = 0. Is v prime?
False
Suppose c + 63 = 3*x, -6*x + 197 = -3*c - x. Let v = c - -116. Is v a composite number?
False
Let z(t) = -4*t - 18. Let w be z(-4). Let k(n) = -1 - 26*n - 1 + 3. Is k(w) a composite number?
False
Let x(b) = 24*b**2 + 7. Let q(h) = h**2 - 5*h + 3. Let c be q(5). Is x(c) a prime number?
True
Let t = -5052 - -7648. Suppose 8*p - t = 4*p. Is p composite?
True
Let o(v) = 1811*v**2 + 35*v - 133. Is o(5) a composite number?
False
Suppose 4*o = -2*y + 7850, 12*y = -5*o + 8*y + 9817. Is o composite?
True
Suppose -4*w - 9 + 29 = 0. Suppose -w*o = 690 - 15. Let q = o - -293. Is q a composite number?
True
Let f(l) be the third derivative of 9*l**4/4 + l**3/6 + 88*l**2. Let j be 27/21 + (-2)/7. Is f(j) a composite number?
True
Let q(v) = v**3 + 14*v**2 - 16*v - 12. Let u be q(-15). Is u + 7/(21/624) a prime number?
True
Suppose -5*c + 13067 = -12378. Is c composite?
True
Suppose 392 = -10*s + 2092. Let h = s - -413. Is h prime?
False
Let p(z) = 0 + 0 + 1 + 105*z. Suppose -58*y + 56*y = -4. Is p(y) a composite number?
False
Suppose 0 = -c - 2*d + 10, -9 - 6 = 2*c - 3*d. Suppose 451 = -3*p - r + 1435, 2*p - 4*r - 670 = c. Is p a prime number?
False
Let h(q) be the second derivative of q**5/20 - q**4/4 + q**3/6 + q**2 + 10*q. Let p be h(6). Let t = p - -702. Is t composite?
True
Suppose 22 = 5*x + 7, c + 6 = x. Let y be (-1)/(0 - c/(-27)). Let j = 92 - y. Is j composite?
False
Let r(h) = 4*h**3 + h**2 + h - 49. Let x(d) = -3*d**3 - d**2 - d + 49. Let v(m) = 2*r(m) + 3*x(m). Let j = -55 + 55. Is v(j) a composite number?
True
Suppose l - 4*y = 56, -6*l - 4*y = -3*l - 88. Suppose 5*w = l - 6. Suppose 0 = w*d - d - 430. Is d a composite number?
True
Suppose -124*b + 128*b = 61684. Is b a composite number?
True
Let t(g) = -5 - 19*g + g**3 + 12*g + 2*g + 10*g**2. Is t(-9) a prime number?
False
Let w(s) = -10